-l*m + 875 + 1989. What is the hundreds digit of m?
1
Suppose s + 16 - 20 = 0. Suppose -4*u = -5*j - 31, -6*j - 36 = -s*u - 2*j. Suppose 0 = 12*f - u*f + 60. What is the units digit of f?
0
Suppose -20 = -4*w + 4*g, 0 = 3*g - 4*g. Suppose 5*h - 14 = 4*p, -w*h = 4*p + p - 5. Suppose 4*d - 78 = h*r, 3*r - 37 = -0*d - d. What is the units digit of d?
2
Let b(y) = -y**3 + 32*y**2 - 2*y + 60. Let t be b(32). What is the units digit of -362*2*3/t?
3
Suppose -4*p = 3*k + 4, -4*p = -5*k - 3*p + 1. Suppose 20 = -11*d + 6*d, -5*h + d + 1229 = k. What is the hundreds digit of h?
2
Suppose -2*x = -0*x - 6. Suppose -2*h = 10, y + x*y - 3*h = 15. Suppose -t + 3*l + 54 + 28 = y, 4*l + 158 = 2*t. What is the units digit of t?
3
Suppose 4*v - g = 15, -v - 4 = -3*g + 6. Suppose 3*a = 3, v*n - 13*a + 14*a - 546 = 0. What is the hundreds digit of n?
1
Let d = 4609 + 3275. What is the thousands digit of d?
7
Let j(h) = -2*h**2 - 13*h + 49. Let g be j(-9). Suppose s = -2*u + 414, 0 = -2*u + 4*u - g*s - 414. What is the units digit of u?
7
Suppose -b - 5*n + 15 = b, n - 3 = 0. Suppose b = 31*h - 4742 - 10169. What is the hundreds digit of h?
4
Let v(i) = 278*i**3 - i**2 + 18*i + 14. Let k(g) = -140*g**3 - 8*g - 7. Let u(d) = 5*k(d) + 2*v(d). What is the hundreds digit of u(-2)?
1
Let k be (-15)/(-4)*336/126. What is the thousands digit of 3*k/((-270)/(-11619))?
1
Suppose -5*h + 13 = z, 3*z - 24*h = -27*h + 15. Suppose 4*i - z*i + 1328 = 5*f, 5*i + 15 = 0. What is the units digit of f?
5
Let i = -35 - -38. Suppose 5*r = h - i - 5, -5*h = 3*r - 68. Let b = 76 + h. What is the units digit of b?
9
What is the hundreds digit of (44/(-8))/((-4705)/(-4706) + 1 + -2)?
8
Let k(i) = -912*i**3 - 2*i**2 - i + 1. Let q be k(-1). Let l = 1634 - q. What is the tens digit of l?
2
Let t(z) = 16*z + 4. Let q be t(2). Let s be (2/12 - 0) + 30018/q. Suppose s - 291 = 3*o. What is the hundreds digit of o?
1
Let b = 30 - 38. Let u = -3 - b. Suppose 3*h + 126 = u*c, -6 = -5*h + 9. What is the units digit of c?
7
Suppose 0 = -62*l + 273353 + 2402 + 594849. What is the units digit of l?
2
Let w(a) = a**3 - 8*a**2 - 2*a + 3478. What is the hundreds digit of w(0)?
4
Let o(m) = -m + 36. Let n be o(34). What is the units digit of -2 + (n/(6/3) - -353)?
2
Suppose -3960 = -17*x - 16*x. Suppose 122*l = x*l + 332. What is the hundreds digit of l?
1
Let f(y) = 3*y - 14. Let x be f(6). Suppose 9 = x*i - 3. What is the units digit of 10 + (i - 2 - 2)?
9
Let x be 2 - (-13 - (0 - 3)). Suppose -p + 4*o + 13 = 0, -3*o = -5*p - x + 128. Let u = p + 4. What is the tens digit of u?
2
What is the thousands digit of (10632 - 36)/(3/2)?
7
Suppose -3*q + 2805465 = 62*q. What is the tens digit of q?
6
Suppose -4*b + 111052 = 3*s, 51*b - 52*b + 4*s = -27801. What is the tens digit of b?
6
What is the thousands digit of (2/(-3))/(1*26/(-323661))?
8
Suppose -50 = -4*u + 2*t + 76, u = t + 34. Suppose 733 - 2705 = -3*m - 2*c, 0 = -3*c - 12. Suppose u*x - 34*x = -m. What is the hundreds digit of x?
1
Suppose -5*t + 7 = -8. Suppose -2*i = -5*a - 3 + 32, 7 = t*a + 4*i. Suppose a*f - 230 = -4*g, -3*f = -f + 3*g - 85. What is the units digit of f?
0
Let p(q) = -2*q**3 - 6*q**2 - q + 2. Let o be p(-4). Let m = 43 - o. Suppose -86 = -3*b + 2*g + 97, -m*b - 3*g + 324 = 0. What is the tens digit of b?
6
Suppose 240458 = 572*f - 10078. Let a(i) = -i + 256. Let k be a(0). Let y = f - k. What is the tens digit of y?
8
Let r = -14 + 28. Let y(i) = -i**2 + 12*i + 28. Let l be y(r). Suppose l = -8*x - x + 1107. What is the units digit of x?
3
Suppose 22*s - 2*x = 19*s + 11, -5*s = x - 27. Suppose -s*d + 8107 = r, 3*r = 6*r + 9. What is the units digit of d?
2
Let m(b) = -12*b**3 + 2*b**2 - 20*b + 22. What is the hundreds digit of m(-8)?
4
Suppose -223 + 493 = -r. Let d = -143 - r. What is the units digit of d?
7
Let r = -2964 + 810. Let l = -1276 - r. What is the units digit of l?
8
Let h be 0*4*(-3)/(-12). Suppose h = 5*n - 1800 + 545. What is the units digit of n?
1
Let n(o) = 12*o**2 + 7*o. Let c = -406 + 412. What is the hundreds digit of n(c)?
4
Suppose 12 + 4 = 4*z, s - 12 = -z. Let y be (4 - 1)/((-1)/s). What is the tens digit of 8 - 12 - (y - 1)?
2
What is the ten thousands digit of (63/(-4))/((-1005)/(-31490)*(-1)/36)?
1
Let n be 16/24*(0 - -2)*6. What is the tens digit of (60/25)/(n/2060)?
1
Let h(c) = 4*c + 35. Let t be h(-4). Let l be -1 + (557 - 4/(-1)). Suppose -l = 15*g - t*g. What is the tens digit of g?
4
Let m(v) = -v**3 - 4*v**2 - 5*v - 10. Let a be ((-7)/14)/(1/18). Let w(g) = 2*g**2 + 18*g - 4. Let u be w(a). What is the units digit of m(u)?
0
Let g = 7367 - -302. What is the thousands digit of g?
7
Let z(c) = -12*c - 28. Let i be z(-4). Suppose 2*p + 2*j - 1752 - 556 = 0, 0 = 5*j + i. What is the tens digit of p?
5
Suppose 50548 = 40*n - 173372. What is the tens digit of n?
9
Suppose 2*k + 3*k + 65 = 0. Let v = k + 17. Suppose v*n = -3*s + 4*s - 81, 2*s = -5*n + 97. What is the tens digit of s?
6
Suppose -y + 4*h + 5728 = 0, -4*y + 203*h - 208*h + 22786 = 0. What is the hundreds digit of y?
7
What is the units digit of (928/(-48))/(4/6)*(-468 - 15)?
7
Suppose 3*m + 6*s + 3210 = 8*s, -4*s = 3*m + 3228. Let h = 1544 + m. What is the tens digit of h?
7
Suppose -1354746 = -720*r + 697*r. What is the ten thousands digit of r?
5
Let d be (-3 + (-3 - -6))*(-1)/(-2). Suppose -1654 = -4*v - 2*q, -2*v + 5*q - 4*q + 833 = d. What is the tens digit of v?
1
Let l = -735 + 1264. Suppose -o + 15 = -6*o, -2*g + o + l = 0. What is the hundreds digit of g?
2
What is the hundreds digit of ((12/(-5))/(-1))/(18 + 5258136/(-292125))?
1
Let r be 2/(-6) - ((-40)/12 + 3). Suppose r = -19*m + 1012 + 1496. What is the hundreds digit of m?
1
Suppose -8*s - 48994 = -30*s. Suppose 7*b - 2120 - s = 0. What is the units digit of b?
1
What is the tens digit of (-2 - (-13 + 9 - 0))*155?
1
What is the units digit of 283/(2338/(-469) - (-55)/11)?
1
Let m be ((-2 - 2)*6)/((-8)/12). Suppose q - 797 = -4*r, -38*q + 1594 = -m*q - 2*r. What is the units digit of q?
7
Let q be (240/(-84))/((16/42)/(-4)). Suppose q*i - 767 = 29*i. What is the units digit of i?
7
Suppose w - 225 - 20 = 0. Let n = 738 - w. What is the units digit of n?
3
Let w = 12605 - 2952. What is the units digit of w?
3
Suppose v - 11 = 2*w, 3*w - 12 = 5*w - 2*v. Let c be (-2)/w + (1 - (-336)/35). Suppose -c*z + 156 = -5*z. What is the tens digit of z?
2
Suppose -3*d = -u + 16557, 2*u + 13276 = d + 46400. What is the units digit of u?
3
Suppose 0 = -30*k + 72*k - 35994. What is the units digit of k?
7
Let t = 286 + -288. What is the hundreds digit of 0 + t/(-4) - 1242/(-4)?
3
Let z(p) = 3*p**3 + p**2 - p + 1. Let q be z(1). Suppose o - 4*v = q*o - 30, 5*o + v - 33 = 0. Suppose -o*w + 204 = -3*w. What is the tens digit of w?
6
Suppose -5*v - 39 = -5*g + 8*g, -4*v = -2*g + 18. What is the units digit of (1701/(-12))/(v/16)?
8
Suppose 19*k + 1368 = -133. Suppose o = -4*j + 174, -6*o - 4*j + 506 = -3*o. Let a = o + k. What is the tens digit of a?
8
Let b = -43 - -47. Suppose -2*u = -b*u + 704. What is the units digit of u?
2
Let z(q) be the second derivative of q**5/20 + q**4/3 + 27*q**2/2 + 10*q. Let y be z(-5). Suppose m - y*m + 82 = 0. What is the tens digit of m?
8
Let h(j) = -j**3 - 22*j**2 + 48*j + 26. Let f be h(-24). What is the tens digit of 41*(20/50 + f/10)?
2
Suppose 5*w + y = 72556, -2*w + 29020 = -14*y + 12*y. What is the tens digit of w?
1
Suppose 3*j + 15 = 0, 5*z - 5*j - 270 - 2715 = 0. Suppose a = z + 113. What is the units digit of a?
5
Suppose 129*i = -141*i - 76*i + 4631556. What is the ten thousands digit of i?
1
Let n(j) = j + 26. Let l be n(-20). Suppose l*v + 15 = 11*v. Suppose 6*t = v*t + 660. What is the units digit of t?
0
Let q be 3 - -4597 - -8 - 2*1. Suppose q - 12283 = -9*s. What is the hundreds digit of s?
8
Let h(v) = -v**3 - 22*v**2 - 198*v + 37. What is the hundreds digit of h(-21)?
7
Suppose 0 = -26*f + 31*f - 7725. Suppose 3*a - 1545 = -3*o, 8*o - 3*o = 3*a - f. What is the units digit of a?
5
Suppose 4*o - 30 = -2*s, 3*o - 2*o = -s + 18. Suppose 2*u + 8 = -4*f, -3*u + 3*f = -0*u + s. Let b(l) = -7*l + 10. What is the tens digit of b(u)?
5
Suppose -6*n + s = -109009, 287*s - 3 = 290*s. What is the tens digit of n?
6
Suppose 174*b = 165*b + 41405 